(14).
157
Let s = -22 + 24. Suppose -3*j = -3*w + s - 5, -5*w - j + 19 = 0. Suppose -2*t = 3*h - 51, 3*h - 7*h = w*t - 74. List the prime factors of t.
2, 3
Suppose 0*v + 15 = 5*v. Let s(p) = -3. Let u(a) = -2*a. Let o(f) = s(f) - 6*u(f). List the prime factors of o(v).
3, 11
Let q be (-15)/12 - (-1419)/12. Suppose j - q = -2*j. List the prime factors of j.
3, 13
Suppose -23*s = -6648 - 5243. What are the prime factors of s?
11, 47
Let q(j) = 9*j - 9*j - 74 + 0*j - 8*j. List the prime factors of q(-17).
2, 31
Let w = -2 - -9. Let v = -8 + w. What are the prime factors of v/(-6) + 1719/54?
2
Let c(a) = 8*a - 8. Let r be c(8). Suppose -4*u = 3*l - 91, -4*u + r = -3*l - 29. List the prime factors of u.
2, 11
Let a be (-2)/(-2)*(-1 + 8). Suppose c - z = 2 + a, -4*z = 2*c + 12. Suppose 0*b + b = l + 12, c*l - 3 = b. What are the prime factors of b?
17
What are the prime factors of ((-878)/3)/(32/(-336))?
7, 439
Suppose -2*d + 3196 = 4*h, -5*d = 3*h - 11528 + 3524. What are the prime factors of d?
2, 3, 89
Suppose -3*a = -v - 3*v - 104, 4*a - 39 = v. Let n = -19 - v. Suppose 3*k - 135 = -3*g, 0 = g - 0*k + n*k - 57. What are the prime factors of g?
41
Suppose -3*q = -11*q + 7032. What are the prime factors of q?
3, 293
Suppose 2*u + 56 = -5*d, 3*u + 130 = -0*d + 4*d. Let i = -20 - -101. Let h = i + u. List the prime factors of h.
43
What are the prime factors of (-4)/30 + 753293/285 - 6?
3, 293
Let n be ((-46)/(-4))/((-1)/(-2)). Suppose -u = f + n - 80, -257 = -5*f + 2*u. List the prime factors of f.
53
Suppose 4*a = -4*t + 6*a + 26764, -2*t = a - 13374. List the prime factors of t.
6689
Let c(t) be the first derivative of -6 + t + 0*t**3 - 3/4*t**4 + 5/2*t**2. List the prime factors of c(-2).
3, 5
Let o(v) = -13 + 2*v**2 + 17*v - v - 3*v**2. Let q be o(15). Suppose q*z - 23 = -1. List the prime factors of z.
11
Let z(l) = -4*l**2 - l - 10. Let p(v) = v**2 + 1. Let f(b) = 24*p(b) + 3*z(b). List the prime factors of f(4).
2, 3, 29
Let u = 307 - -464. What are the prime factors of u?
3, 257
Let m be ((-24)/20)/(1/10). Let i = -10 - m. Suppose -3*a + u = -62, 2*u = i*a + 3*a - 104. What are the prime factors of a?
2, 5
Suppose -y + 64 = -11. List the prime factors of y.
3, 5
Let q(v) be the third derivative of -v**4/4 - 19*v**3/6 + 6*v**2. List the prime factors of q(-6).
17
Suppose 4*i - 8 = 0, 5*i - 10 + 50 = -5*x. Let j = x + -4. Let y = -9 - j. List the prime factors of y.
5
List the prime factors of (3/((-105)/(-20)))/((-8)/(-7756)).
2, 277
What are the prime factors of 21/(-6) + (298100/(-8))/(-11)?
2, 3, 47
Let g(q) = 30*q - 4 - 1 - 1. List the prime factors of g(6).
2, 3, 29
Let k(f) = 2*f + 16*f + 16*f - 4*f. Let b be k(1). Suppose -2*i = -3*y - b, 2*i - 4*i + 28 = -4*y. List the prime factors of i.
2, 3
Let u = -8 - -14. Suppose -53 - 283 = u*b. Let h = -8 - b. List the prime factors of h.
2, 3
Let d = -1759 - -3387. List the prime factors of d.
2, 11, 37
Suppose -24*y + 39*y - 6900 = 0. List the prime factors of y.
2, 5, 23
Let g(k) = k - 42. Let c be g(18). Let m = 23 + c. List the prime factors of 1*m*(7 + -39).
2
Let t = 260 + -133. Let h = -54 + t. Suppose -2*g - 7*o + h = -2*o, 3*g + 5*o - 107 = 0. List the prime factors of g.
2, 17
Let u(j) = -j**3 + 6*j**2 - 1. Let c be u(6). Let g be -6*122/4*c. Suppose 0*p = 3*p - g. What are the prime factors of p?
61
Let x = -5 + 9. Let j(c) = 25*c + 2. Let o be j(x). What are the prime factors of o/4*24/18?
2, 17
Suppose 0*h = -7*h + 14. Suppose s - h*x - 146 = 0, 5*s = 3*x - 8*x + 700. What are the prime factors of s?
2, 71
Suppose -5*d = -4*a + 3627, -13*a + 12*a - 4*d = -933. What are the prime factors of a?
11, 83
Suppose -3*r + 239 = -988. What are the prime factors of r?
409
Suppose 2*l - 24 = -0*l. Let f = -5 + l. List the prime factors of ((-3)/2)/(f/(-98)).
3, 7
Let q(c) = -134*c + 12. What are the prime factors of q(-2)?
2, 5, 7
Suppose 437 = 3*t + 122. Suppose -d = 2*d + t. What are the prime factors of (1 - -4)*(-266)/d?
2, 19
Suppose -7*d + 0*d + 28 = 0. Let l(r) = 3*r - 20. Let a be l(9). What are the prime factors of (a - d) + 1 + 1?
5
Suppose -2*j = f - 22, 4*f - j = -6*j + 73. Let w = f - 10. Suppose s - l = 16, 4 = w*s - l - 23. List the prime factors of s.
11
Suppose 5*u + 3*h + 159 = 0, 0*h - h - 97 = 3*u. Let t = u + 59. List the prime factors of ((-3)/(-3))/(2/t).
13
Suppose 113 = 12*u - 187. What are the prime factors of u?
5
Let u(q) = -q**3 + 8*q**2 - 6*q + 5. Let r be u(7). Suppose -5*f + 8 = -r. Let l(a) = a**3 + a**2 - 4*a + 3. List the prime factors of l(f).
67
Let z = 3910 - 2139. What are the prime factors of z?
7, 11, 23
Let f(p) = p**2 + 21*p + 126. What are the prime factors of f(37)?
2, 71
Suppose 4*v = -4*p + 172, v - 2*p = -3*v + 202. Suppose 172 + v = 2*j. What are the prime factors of j?
2, 5, 11
Let q(p) = -182*p + 469. List the prime factors of q(-5).
7, 197
Let n(d) = 2*d + 1. Let p be n(-2). What are the prime factors of 38/57 + (-223)/p?
3, 5
Suppose -f + 13 = 8. Suppose 4*c + c + y - 235 = 0, f*y = -3*c + 119. What are the prime factors of c?
2, 3
Suppose 415 = p - 540. List the prime factors of p.
5, 191
List the prime factors of -46*(5/(-2) - 20/8).
2, 5, 23
Suppose -4*b - 2*t = 54948, 0 = 5*b - 0*b + 4*t + 68688. Let h be (-4)/26 + b/(-52). Suppose 4*j + 48 = h. List the prime factors of j.
2, 3
Suppose -5 = g, -g - 1367 = 5*o - 6607. What are the prime factors of o?
1049
Suppose -r = -1 - 0, -2*j + 3*r = 59. Let p = j + 30. Suppose 4*z - g = 208, 208 = 2*z + p*z - 5*g. List the prime factors of z.
2, 13
Let i(t) = -6 + 5*t - 19*t - t**2 - 4. Let f(o) = -3*o - 1. Let l be f(4). List the prime factors of i(l).
3
Let q = 42 + -22. Suppose k + 4*f = q, k - 7 = 4*f - 3. What are the prime factors of k?
2, 3
Let d(n) be the second derivative of -n**5/15 + 5*n**4/24 - 7*n**3/6 - 5*n. Let x(o) be the second derivative of d(o). List the prime factors of x(-4).
37
Suppose 0 = t - 42 - 19. List the prime factors of t.
61
Suppose 2*h + i = 1 + 7, 0 = -5*h - 4*i + 14. Suppose 88 = h*m - 38. What are the prime factors of m?
3, 7
Let a(s) = -s**3 + 7*s**2 - 4*s + 61. Let d be a(6). Suppose -w + 2*z + 38 = 0, 2*w - 4*z - 74 = -z. Let h = d - w. List the prime factors of h.
3, 13
Suppose 41*b = -18*b + 8791. What are the prime factors of b?
149
Let j(u) = u**3 - 4*u**2 - 8*u - 3. Let n be j(6). Let k be (-345)/(-40) + 3/8. Suppose -n = -b + k. What are the prime factors of b?
2, 3, 5
Let c = -402 - -239. Let u = -125 - c. What are the prime factors of u?
2, 19
List the prime factors of 10 - (11 + -2) - -2352.
13, 181
Suppose 2*p - 3*n = -0*p + 513, 2*n = 4*p - 1014. What are the prime factors of p?
2, 3, 7
Let c = 60 + -65. List the prime factors of (-15)/25 + (-708)/c.
3, 47
Let g = 61 - 48. Let j(b) be the second derivative of b**5/20 - 7*b**4/6 + 5*b**3/2 - 9*b**2/2 - 2*b. List the prime factors of j(g).
17
Let v be -34*(-7)/98 - 3/7. Suppose -v*t + 5*u = -239, 372 = -2*t + 5*t - 3*u. List the prime factors of t.
127
Suppose -48*k = 10698 - 72090. What are the prime factors of k?
1279
Suppose 2*v = 6*v + 72. Let k = v + 21. Suppose 5*o = k*o - a + 98, o = a + 43. What are the prime factors of o?
47
Suppose -2*i = 2*s + 2, 4 = -5*s + 4*i - 1. Let v(h) = 38*h**2 - h - 2. Let p be v(s). Let t = -14 + p. List the prime factors of t.
23
Let h = 1105 + -456. What are the prime factors of h?
11, 59
Suppose -2*m = -3*q + 2*q - 4171, 0 = -4*m - q + 8327. List the prime factors of m.
2083
What are the prime factors of ((-245)/15)/((-3)/99)?
7, 11
List the prime factors of 1228 - ((-36)/(-48) + 15/(-4)).
1231
Let a = -245 + 140. What are the prime factors of 30/(a/(-25) + -4)?
2, 3, 5
Suppose 6*m + 15 = 9*m. Suppose -21 = -m*f - 1. Suppose -5*j + 94 = -j - 2*d, 5*d + f = -j. What are the prime factors of j?
3, 7
List the prime factors of (-50)/15*(-1011)/6*3.
5, 337
Let i = -1 - -1. Suppose m + 1 = i, -5*w + 4*m = -182 - 187. List the prime factors of w.
73
Suppose 2*k + 2*t - 84 = 544, -t = -5*k + 1558. List the prime factors of k.
2, 3, 13
Let l(b) = 39*b**3 + 2*b**2 + 4*b - 12. Let s(a) = -a**3 - 6*a**2 + 6*a - 5. Let j be s(-7). List the prime factors of l(j).
2, 79
Let l = 31 + -26. Suppose -138 = -l*b + 5*g - 4*g, -b = 4*g - 36. What are the prime factors of b?
